of 154 and 6403738?
22
What is the greatest common factor of 50323090 and 27333?
3037
What is the greatest common factor of 29558367 and 9?
9
Calculate the greatest common factor of 319473 and 10097283.
9681
Calculate the greatest common divisor of 14132386 and 394.
394
What is the highest common factor of 45124 and 5217268?
1556
Calculate the highest common divisor of 234063 and 7749.
27
What is the greatest common factor of 12693245 and 917?
131
Calculate the highest common divisor of 21 and 8246976.
3
What is the highest common factor of 18172091 and 54140?
2707
What is the greatest common factor of 38 and 118662467?
19
What is the greatest common factor of 975771 and 79821?
1629
Calculate the greatest common factor of 32959880 and 24.
8
What is the greatest common divisor of 32653908 and 7896?
3948
Calculate the greatest common divisor of 23022 and 17478.
18
What is the greatest common factor of 316 and 2305852?
316
What is the greatest common divisor of 44 and 2542268?
4
Calculate the highest common divisor of 189 and 69112467.
27
Calculate the highest common divisor of 323047604 and 66.
22
What is the greatest common divisor of 2829 and 74535663?
2829
Calculate the greatest common divisor of 504 and 2496808.
8
What is the highest common divisor of 21 and 3668175?
21
What is the highest common factor of 17800050 and 530?
530
Calculate the greatest common factor of 23397340 and 284.
284
What is the highest common divisor of 18506982 and 2886?
78
What is the greatest common divisor of 2148 and 30036?
12
What is the highest common divisor of 68507802 and 10962?
1566
What is the highest common divisor of 12 and 33490608?
12
Calculate the greatest common divisor of 5247208 and 184.
8
Calculate the highest common divisor of 712335 and 55357.
281
What is the highest common factor of 2192600 and 13946?
38
What is the highest common factor of 1887 and 106080?
51
What is the highest common divisor of 387139 and 1927?
47
Calculate the greatest common divisor of 3009391056 and 112.
112
Calculate the greatest common factor of 492345 and 2185.
5
Calculate the greatest common factor of 2237117 and 1865297.
6197
What is the highest common divisor of 4221347 and 2199?
733
What is the highest common divisor of 135308784 and 36?
12
What is the greatest common factor of 292 and 20136101?
73
Calculate the highest common factor of 592 and 16068434.
74
What is the greatest common factor of 8 and 265527760?
8
Calculate the highest common divisor of 72641 and 2329.
17
Calculate the highest common divisor of 165 and 238885955.
55
Calculate the greatest common factor of 17471769 and 223503.
7707
Calculate the greatest common factor of 451 and 65971952.
41
Calculate the greatest common divisor of 321 and 50589.
3
Calculate the greatest common divisor of 10726437 and 3516.
879
What is the greatest common factor of 12 and 33040026?
6
Calculate the greatest common factor of 309328 and 528.
16
What is the highest common factor of 2200 and 5244900?
100
What is the greatest common divisor of 156 and 158823652?
52
Calculate the greatest common factor of 578 and 25652218.
578
Calculate the greatest common factor of 72 and 472805488.
8
Calculate the greatest common divisor of 1415736 and 21518.
742
Calculate the highest common divisor of 131609 and 902171.
37
Calculate the greatest common factor of 390 and 883855050.
390
Calculate the greatest common factor of 114 and 34014218.
38
What is the greatest common divisor of 208214742 and 2414?
2414
What is the highest common divisor of 1749854736 and 504?
504
What is the highest common factor of 69207935 and 85?
85
What is the greatest common factor of 257275502 and 11044?
5522
Calculate the greatest common divisor of 110287 and 716329.
29
Calculate the highest common factor of 319 and 12937364.
319
What is the greatest common divisor of 141052 and 27913324?
788
What is the highest common divisor of 250772 and 852?
284
Calculate the highest common factor of 72875652 and 4456.
2228
Calculate the greatest common divisor of 60 and 12218952.
12
Calculate the greatest common factor of 2987 and 1537928.
29
What is the greatest common factor of 34225 and 39775?
925
Calculate the greatest common factor of 3758800 and 29600.
400
Calculate the greatest common factor of 1107028 and 14309.
349
What is the greatest common factor of 56244 and 4108908?
516
Calculate the greatest common divisor of 9460781 and 22.
11
Calculate the greatest common factor of 18 and 793722.
6
Calculate the highest common factor of 195654088 and 196.
28
What is the highest common divisor of 36 and 72048762?
18
Calculate the highest common factor of 141808 and 11644.
4
What is the highest common factor of 1022202 and 523854?
1962
Calculate the greatest common divisor of 6795 and 85919.
151
What is the highest common factor of 88263 and 2751?
21
Calculate the highest common divisor of 9139338 and 144666.
2538
What is the greatest common factor of 33774 and 44356?
26
What is the greatest common factor of 393967375 and 7750?
3875
Calculate the greatest common divisor of 372 and 9289894.
62
Calculate the greatest common factor of 245931 and 877737.
1029
Calculate the greatest common factor of 36138732 and 763.
763
What is the greatest common factor of 6837411789 and 13?
13
Calculate the highest common factor of 13748619 and 1338.
669
What is the greatest common divisor of 263968 and 1945888?
2336
What is the highest common factor of 1816 and 9477477?
227
Calculate the greatest common divisor of 5655134 and 235.
47
What is the highest common divisor of 1238777 and 18801?
2089
What is the highest common divisor of 1869 and 67779552?
267
Calculate the greatest common factor of 400086 and 1673.
239
Calculate the greatest common factor of 79009 and 208764352.
11287
What is the greatest common divisor of 4594149 and 63?
63
Calculate the highest common divisor of 9787517 and 133226.
2297
What is the highest common factor of 34595 and 139315?
935
Calculate the highest common factor of 294408 and 119568.
1128
What is the greatest common divisor of 66 and 405032782?
22
Calculate the greatest common divisor of 8107645 and 6747.
2249
Calculate the highest common divisor of 44347906 and 13551.
4517
Calculate the greatest common divisor of 1095 and 307807347.
219
What is the highest common divisor of 37990 and 15676115?
655
Calculate the greatest common divisor of 19782204 and 201372.
2076
What is the highest common divisor of 2744 and 26755372?
1372
What is the greatest common divisor of 1124085622 and 6226?
6226
What is the greatest common factor of 72651516 and 1596?
1596
What is the greatest common divisor of 13606160 and 5088?
848
What is the greatest common divisor of 1190575236 and 12?
12
Calculate the highest common divisor of 6775059 and 690645.
3369
Calculate the highest common factor of 19984644 and 144.
36
Calculate the greatest common divisor of 30025 and 18225.
25
What is the highest common divisor of 6138634 and 475?
19
What is the highest common factor of 4062180 and 22752?
948
Calculate the highest common factor of 27990 and 709110.
90
What is the highest common factor of 7381 and 5253941?
121
What is the greatest common factor of 4928770 and 266?
14
Calculate the greatest common factor of 66 and 48265734.
66
What is the greatest common divisor of 351530821 and 5883?
1961
Calculate the highest common divisor of 9550 and 2186.
2
Calculate the highest common factor of 5837 and 2545830.
449
What is the highest common divisor of 134721405 and 36?
9
Calculate the highest common factor of 244 and 234678895.
61
What is the highest common divisor of 20558 and 17062?
38
What is the greatest common divisor of 1275 and 86133084?
51
What is the highest common factor of 225254 and 941082?
134
Calculate the greatest common divisor of 245 and 2730721.
49
Calculate the greatest common divisor of 212504 and 104636.
404
What is the highest common divisor of 2274975 and 2115?
45
What is the highest common divisor of 14000629 and 2461?
2461
What is the greatest common divisor of 247877 and 24922?
17
Calculate the greatest common factor of 1436 and 50019470.
718
Calculate the greatest common factor of 3032613 and 663.
51
Calculate the highest common factor of 34480 and 697520.
80
What